-102332453
In base 9, what is 5 - 47186076?
-47186071
In base 8, what is -24 - -11561576?
11561552
In base 10, what is 364 + 100960?
101324
In base 5, what is -1233024 - -1323040?
40011
In base 12, what is -a + -609b142?
-609b150
In base 4, what is 11112002033 + -2?
11112002031
In base 6, what is 1205 - 110003?
-104354
In base 16, what is -15 - -39b21?
39b0c
In base 8, what is 1 + -550754?
-550753
In base 12, what is -5 + 13aa643a?
13aa6435
In base 2, what is 10011010001011000 + -100111001?
10011001100011111
In base 8, what is -46105 - -371?
-45514
In base 10, what is -13 + 1419473?
1419460
In base 4, what is -2 - -20030001311113?
20030001311111
In base 12, what is -b0 - -20473?
20383
In base 5, what is -101022321 + -13302?
-101041123
In base 16, what is 11c632 + 5?
11c637
In base 8, what is -1055 - 1770463?
-1771540
In base 7, what is -162411 + 104?
-162304
In base 4, what is 13121231022 + -3?
13121231013
In base 2, what is 111010111 - 110111110010011?
-110110110111100
In base 3, what is -12 + 100100112120222?
100100112120210
In base 12, what is 580 + -1052b?
-bb6b
In base 16, what is -3 - -1eca0f?
1eca0c
In base 2, what is 10100 + 10101100101001010100?
10101100101001101000
In base 11, what is 1a98981 + 5?
1a98986
In base 6, what is -4413 + -153355?
-202212
In base 11, what is 3 - 6917220?
-6917218
In base 6, what is 10004013 + 3?
10004020
In base 6, what is 10020 - -3305452?
3315512
In base 3, what is -11 + -12021121112211200?
-12021121112211211
In base 8, what is 1410 + -632305?
-630675
In base 7, what is 215504634 + 5?
215504642
In base 14, what is 24 + 1771c15?
1771c39
In base 16, what is -652c75 - -30?
-652c45
In base 4, what is -21021223012020 + 3?
-21021223012011
In base 6, what is 114441444 + 2?
114441450
In base 4, what is 33322 - 101212031?
-101112103
In base 16, what is 3c6 + 72?
438
In base 5, what is -34301 + 3241012?
3201211
In base 6, what is -302 + 4514411?
4514105
In base 5, what is 10 + -1003220320?
-1003220310
In base 16, what is -1acae - -55?
-1ac59
In base 10, what is -101674 + 45?
-101629
In base 12, what is -18b4b - 127?
-19076
In base 12, what is -428b2 - -184?
-4272a
In base 3, what is -110221102 + 2202112?
-101011220
In base 9, what is -455773 + -3568?
-460452
In base 9, what is -4 + -535716?
-535721
In base 12, what is -b33 - 23634?
-24567
In base 9, what is -165207 - 2880?
-168187
In base 16, what is 65e083 + -1?
65e082
In base 15, what is -57e5eb + 4?
-57e5e7
In base 14, what is 16b5 - -c3a?
2511
In base 12, what is -5 + 2b73005?
2b73000
In base 5, what is -4344324 - -13130?
-4331144
In base 11, what is 6 - -227a5526?
227a5531
In base 10, what is 11 + -68867430?
-68867419
In base 9, what is -36 - 10268125?
-10268162
In base 15, what is 61e + -27da?
-21bb
In base 12, what is 3 + -1abb68a?
-1abb687
In base 9, what is -174441 + 5056?
-168374
In base 15, what is -86760 + -4b9?
-86c29
In base 8, what is -14 - -13477622?
13477606
In base 15, what is -3 - -d0c3c6?
d0c3c3
In base 3, what is 20001112 - -1110010101?
1200011220
In base 9, what is -105631466 - -2?
-105631464
In base 13, what is 1115 - a53?
392
In base 16, what is 5da396 - 3?
5da393
In base 15, what is -7b + 4b1c?
4a91
In base 11, what is -18 - -32944829?
32944811
In base 14, what is -67566d6 - -17?
-67566bd
In base 3, what is -1222220001101112 - -11?
-1222220001101101
In base 7, what is -2451620 - 104?
-2452024
In base 11, what is 1093968a7 + -4?
1093968a3
In base 8, what is -17206 - 7045?
-26253
In base 10, what is 2 - 6420379?
-6420377
In base 12, what is -5a9 + 477a8?
471bb
In base 8, what is -7442374 + -120?
-7442514
In base 3, what is 202020201 + 22202?
202120110
In base 11, what is -23 + -42409?
-42431
In base 5, what is -44423124414 - -11?
-44423124403
In base 7, what is -125031 + 1026?
-124002
In base 2, what is -110011111011000110010011 + 1001?
-110011111011000110001010
In base 14, what is -3 + 1579cb?
1579c8
In base 10, what is -9450487 + -5?
-9450492
In base 16, what is -261f + 6c3?
-1f5c
In base 16, what is 13e73 - -60?
13ed3
In base 13, what is -975c5 - 3?
-975c8
In base 14, what is 1 + -130a62b?
-130a62a
In base 10, what is -5319 + -1680?
-6999
In base 9, what is 74 + -11805468?
-11805384
In base 13, what is -51a - -4101?
38b4
In base 11, what is 0 + -16009874?
-16009874
In base 7, what is -416 - -221225?
220506
In base 10, what is -15 + 20350?
20335
In base 13, what is 3058 + 41b5?
7240
In base 8, what is -1447514 - 20?
-1447534
In base 15, what is 3b + -595be?
-59583
In base 2, what is 0 + -100100010011001111001000?
-100100010011001111001000
In base 14, what is -2051 - -23a42?
219d1
In base 6, what is -244235515 + 30?
-244235445
In base 16, what is -64bb5 + -d?
-64bc2
In base 11, what is -26a2a3 - -8a6?
-2694a8
In base 8, what is 2 + 16300036?
16300040
In base 5, what is -13 + 120221134330?
120221134312
In base 7, what is 141105013 - -3?
141105016
In base 10, what is 12599 - 6067?
6532
In base 3, what is -101 + -122222222001?
-122222222102
In base 5, what is -12333 + -13222?
-31110
In base 6, what is -43 + -2512435?
-2512522
In base 8, what is 17 + 232407?
232426
In base 9, what is -33 + -355256?
-355300
In base 4, what is -1333331100013223 - -11?
-1333331100013212
In base 4, what is 32232012 + 330002?
33222020
In base 12, what is 93024a6 - -5?
93024ab
In base 6, what is 41115033454 - 2?
41115033452
In base 13, what is b7 + -2c1957?
-2c1870
In base 11, what is 63 - 811506?
-811453
In base 9, what is -173732348 + 0?
-173732348
In base 15, what is 6c6 + -7aeee?
-7a828
In base 13, what is 122350 + 7?
122357
In base 2, what is 111100100010 + 1111000000?
1001011100010
In base 10, what is -4 + -90662?
-90666
In base 16, what is -35ad - -6c4?
-2ee9
In base 14, what is 29 + 14a255?
14a280
In base 16, what is -82cd0 - 33?
-82d03
In base 5, what is 300013101023 - -1?
300013101024
In base 14, what is 1d9513 + -b?
1d9506
In base 5, what is -403203 - 2310102?
-3213310
In base 11, what is -1492097 - -a?
-1492088
In base 16, what is -2 + 5f0e56?
5f0e54
In base 14, what is 21402 + 3160?
24562
In base 16, what is e353ee + -10?
e353de
In base 5, what is -110132023 - 33?
-110132111
In base 4, what is 102312 - 232333223?
-232230311
In base 14, what is -4894 - -224c?
-2646
In base 12, what is -76298a5 - -4?
-76298a1
In base 11, what is -352 - -1910?
1569
In base 14, what is -439d + -146?
-4505
In base 2, what is -100111110111001100100 - 1000?
-100111110111001101100
In base 14, what is 84 + -17522?
-1747c
In base 5, what is 40111341223 + -103?
40111341120
In base 6, what is -20 + -5535431?
-5535451
In base 15, what is 143e - -803?
1c42
In base 6, what is -2 + 323042540?
323042534
In base 12, what is -126 - -73b2?
7288
In base 14, what is 6458b - 57b?
64010
In base 13, what is -1926946 - 1?
-1926947
In base 10, what is -1307905 - 8?
-1307913
In base 2, what is -101111000101100101 - -1000?
-101111000101011101
In base 3, what is -1 + 201020120222120121?
201020120222120120
In base 11, what is 8254776 + -10?
8254766
In base 15, what is -d + -98c736?
-98c744
In base 14, what is -2a1d6 - -18?
-2a1bc
In base 13, what is -377116 - -27?
-3770bc
In base 4, what is 3133 - -10130213?
10200012
In base 13, what is 13452 + 276?
136c8
In base 9, what is 476440228 + -3?
476440225
In base 10, what is 499 - -7139?
7638
In base 4, what is -111 + 3232333300103?
3232333233332
In base 2, what is -100 - -1010011000101011111110011?
1010011000101011111101111
In base 12, what is 516468b + -2?
5164689
In base 14, what is 5 + 23c0942?
23c0947
In base 5, what is -140 + -20243344?
-20244034
In base 12, what is -12aa20 + 39?
-12a9a3
In base 11, what is 4 + -8551848?
-8551844
In base 11, what is 24 + 14528a0?
1452914
In base 13, what is 350a - -7123?
a630
In base 13, what is -b36bb9a2 - -4?
-b36bb99b
In base 14, what is -5 - 66dd41?
-66dd46
In base 5, what is 103 + 2004311?
2004414
In base 10, what is 888 + -37691?
-36803
In base 10, what is -2505727 + 96?
-2505631
In base 2, what is 110001010110000 + 1010110010010000?
10000111101000000
In base 7, what is 5 + 34451005?
34451013
In base 15, what is -2 - 191e24?
-191e26
In base 13, what is -4a50c - -230?
-4a2ac
In base 14, what is -10714 - db?
-10811
In base 2, what is 10011101010110 - 111110101000111?
-101010111110001
In base 5, what is -102120